{"id":323,"date":"2025-12-17T16:46:01","date_gmt":"2025-12-17T16:46:01","guid":{"rendered":"http:\/\/lesvoyagesavelodebenoit.fr\/?page_id=323"},"modified":"2025-12-17T16:46:01","modified_gmt":"2025-12-17T16:46:01","slug":"mentions-legales","status":"publish","type":"page","link":"https:\/\/lesvoyagesavelodebenoit.fr\/index.php\/mentions-legales\/","title":{"rendered":"Mentions l\u00e9gales"},"content":{"rendered":"\n<p>Conform\u00e9ment aux dispositions des Articles 6-III et 19 de la Loi n\u00b02004-575 du 21 juin 2004 pour la Confiance dans l\u2019\u00e9conomie num\u00e9rique, dite L.C.E.N., il est port\u00e9 \u00e0 la connaissance des utilisateurs et visiteurs, ci-apr\u00e8s l&nbsp;\u00bb&nbsp;\u00bb<strong>Utilisateur<\/strong>\u00ab&nbsp;, du site www.olivierbouchon.fr , ci-apr\u00e8s le \u00ab&nbsp;Site&nbsp;\u00bb, les pr\u00e9sentes mentions l\u00e9gales.<\/p>\n\n\n\n<p>La connexion et la navigation sur le Site par l\u2019Utilisateur implique acceptation int\u00e9grale et sans r\u00e9serve des pr\u00e9sentes mentions l\u00e9gales.<\/p>\n\n\n\n<p>Ces derni\u00e8res sont accessibles sur le Site \u00e0 la rubrique \u00ab&nbsp;<strong>Mentions l\u00e9gales<\/strong>&nbsp;\u00bb.<\/p>\n\n\n\n<h3 class=\"wp-block-heading\" id=\"cc-m-header-10984676071\">ARTICLE 1 \u2013 L\u2019EDITEUR<\/h3>\n\n\n\n<p>L\u2019\u00e9dition du Site est assur\u00e9e par\u00a0<strong>Beno\u00eet Canler<\/strong>, personne physique habitant au 76000 Chalonnes-sur-Loire.<\/p>\n\n\n\n<p><a href=\"mailto:tioneb54@hotmail.com\">tioneb54@hotmail.com <\/a><\/p>\n\n\n\n<p>Le Directeur de la publication est Beno\u00eet Canler.<\/p>\n\n\n\n<p>ci-apr\u00e8s l&rsquo;&nbsp;\u00bb<strong>Editeur<\/strong>\u00ab&nbsp;.<\/p>\n\n\n\n<h3 class=\"wp-block-heading\" id=\"cc-m-header-10984676771\">ARTICLE 2 \u2013 CONCEPTION ET H\u00c9BERGEMENT<\/h3>\n\n\n\n<p>La conception du Site est assur\u00e9e par\u00a0<strong>Elise Roy Communication<\/strong>, entreprise individuelle immatricul\u00e9e au Registre du Commerce et des Soci\u00e9t\u00e9s d\u2019Angers sous le num\u00e9ro 817 540 313 dont le si\u00e8ge social est situ\u00e9 au 43 rue Saint-Maurille 49290 Chalonnes-sur-Loire.<\/p>\n\n\n\n<p><a href=\"mailto:contact@elise-roy.fr\">contact@elise-roy.fr<\/a><\/p>\n\n\n\n<p><a href=\"http:\/\/www.elise-roy.fr\/\" target=\"_blank\" rel=\"noreferrer noopener\">www.elise-roy.fr<\/a><\/p>\n\n\n\n<p>L\u2019h\u00e9bergement du Site est assur\u00e9 par la soci\u00e9t\u00e9\u00a0<strong>OVH\u00a0Groupe SA<\/strong>, soci\u00e9t\u00e9 immatricul\u00e9e au RCS de Lille sous le num\u00e9ro 537 407 926 sise 2, rue Kellermann, 59100 Roubaix.<\/p>\n\n\n\n<p><strong>09 72 10 10 10<\/strong><\/p>\n\n\n\n<h3 class=\"wp-block-heading\" id=\"cc-m-header-10984677071\">ARTICLE 3 \u2013 ACCES AU SITE<\/h3>\n\n\n\n<p>Le Site est accessible en tout endroit, 7j\/7, 24h\/24 sauf cas de force majeure, interruption programm\u00e9e ou non et pouvant d\u00e9coulant d\u2019une n\u00e9cessit\u00e9 de maintenance.<\/p>\n\n\n\n<p>En cas de modification, interruption ou suspension du Site, l\u2019Editeur ne saurait \u00eatre tenu responsable.<\/p>\n\n\n\n<h3 class=\"wp-block-heading\" id=\"cc-m-header-10984677271\">ARTICLE 4 \u2013 COLLECTE DES DONNEES<\/h3>\n\n\n\n<p>Le Site assure \u00e0 l\u2019Utilisateur une collecte et un traitement d\u2019informations personnelles dans le respect de la vie priv\u00e9e conform\u00e9ment \u00e0 la loi n\u00b078-17 du 6 janvier 1978 relative \u00e0 l\u2019informatique, aux fichiers et aux libert\u00e9s.<\/p>\n\n\n\n<p>En vertu de la loi Informatique et Libert\u00e9s, en date du 6 janvier 1978, l\u2019Utilisateur dispose d\u2019un droit d\u2019acc\u00e8s, de rectification, de suppression et d\u2019opposition de ses donn\u00e9es personnelles. L\u2019Utilisateur exerce ce droit par mail \u00e0 l\u2019adresse email :\u00a0<a href=\"mailto:contact@elise-roy.fr\"><a href=\"mailto:tioneb54@hotmail.com\">tioneb54@hotmail.com<\/a><\/a><\/p>\n\n\n\n<p>Toute utilisation, reproduction, diffusion, commercialisation, modification de toute ou partie du Site, sans autorisation de l\u2019Editeur est prohib\u00e9e et pourra entra\u00een\u00e9e des actions et poursuites judiciaires telles que notamment pr\u00e9vues par le Code de la propri\u00e9t\u00e9 intellectuelle et le Code civil.<\/p>\n\n\n\n<p><\/p>\n\n\n\n<p><\/p>\n","protected":false},"excerpt":{"rendered":"<p>Conform\u00e9ment aux dispositions des Articles 6-III et 19 de la Loi n\u00b02004-575 du 21 juin 2004 pour la Confiance dans l\u2019\u00e9conomie num\u00e9rique, dite L.C.E.N., il est port\u00e9 \u00e0 la connaissance des utilisateurs et visiteurs, ci-apr\u00e8s l&nbsp;\u00bb&nbsp;\u00bbUtilisateur\u00ab&nbsp;, du site www.olivierbouchon.fr , ci-apr\u00e8s le \u00ab&nbsp;Site&nbsp;\u00bb, les pr\u00e9sentes mentions l\u00e9gales. La connexion et la navigation sur le Site [&hellip;]<\/p>\n","protected":false},"author":1,"featured_media":0,"parent":0,"menu_order":0,"comment_status":"closed","ping_status":"closed","template":"","meta":{"_vp_format_video_url":"","_vp_image_focal_point":[],"footnotes":""},"class_list":["post-323","page","type-page","status-publish","hentry"],"_links":{"self":[{"href":"https:\/\/lesvoyagesavelodebenoit.fr\/index.php\/wp-json\/wp\/v2\/pages\/323","targetHints":{"allow":["GET"]}}],"collection":[{"href":"https:\/\/lesvoyagesavelodebenoit.fr\/index.php\/wp-json\/wp\/v2\/pages"}],"about":[{"href":"https:\/\/lesvoyagesavelodebenoit.fr\/index.php\/wp-json\/wp\/v2\/types\/page"}],"author":[{"embeddable":true,"href":"https:\/\/lesvoyagesavelodebenoit.fr\/index.php\/wp-json\/wp\/v2\/users\/1"}],"replies":[{"embeddable":true,"href":"https:\/\/lesvoyagesavelodebenoit.fr\/index.php\/wp-json\/wp\/v2\/comments?post=323"}],"version-history":[{"count":1,"href":"https:\/\/lesvoyagesavelodebenoit.fr\/index.php\/wp-json\/wp\/v2\/pages\/323\/revisions"}],"predecessor-version":[{"id":324,"href":"https:\/\/lesvoyagesavelodebenoit.fr\/index.php\/wp-json\/wp\/v2\/pages\/323\/revisions\/324"}],"wp:attachment":[{"href":"https:\/\/lesvoyagesavelodebenoit.fr\/index.php\/wp-json\/wp\/v2\/media?parent=323"}],"curies":[{"name":"wp","href":"https:\/\/api.w.org\/{rel}","templated":true}]}}